= -50 + 85. What are the prime factors of a?
5, 7
Let s(f) = -2*f**2 + 10 + f + 3*f**2 + 0*f - 2*f. List the prime factors of s(0).
2, 5
Let z = -10 - -12. What are the prime factors of (-240)/(-9) - z/(-6)?
3
Suppose -2*m = 0, -3*m + 90 = 3*g + m. What are the prime factors of g?
2, 3, 5
Suppose c - 54 = -2*c. What are the prime factors of c?
2, 3
Suppose 0*m = 5*m - 25. Suppose 0 = m*y - 5*l - 35, 2*y - 3*y + 5*l = -15. What are the prime factors of y?
5
Let j = -6 + 9. Suppose 2*u = 11 - j. Suppose u*v - 13 = 35. List the prime factors of v.
2, 3
Let i be -8*(0 + 6/(-4)). Suppose -8 - i = -2*f. List the prime factors of f.
2, 5
Let s = 124 + -77. List the prime factors of s.
47
Let a(y) be the third derivative of 5*y**4/24 - 3*y**3/2 - 6*y**2. List the prime factors of a(6).
3, 7
Suppose 2*y + 4 = -w + 3*w, 4*y - 7 = w. Suppose y*i - 6 = 9. Suppose -3*h = -0*l + i*l - 27, -2*h - 2*l + 14 = 0. What are the prime factors of h?
2
Suppose -6*h = -5*a - h + 30, -5*a = -2*h - 27. Let q be 6 - (-2 + a) - -2. Suppose 0 = 4*i + 3*g - 75, 1 + 68 = 4*i + q*g. List the prime factors of i.
3, 7
Let s(t) be the third derivative of t**4/24 + 5*t**3/3 + 3*t**2. List the prime factors of s(-5).
5
Let t(l) = 3*l**2 - 6*l + 3. List the prime factors of t(4).
3
Suppose -285*f + 243 = -282*f. List the prime factors of f.
3
Let x(j) = 7*j**3 + 2*j - 1. Let m be (2/(-3))/(6/(-9)). List the prime factors of x(m).
2
Suppose -11*y + 10*y + 59 = 0. List the prime factors of y.
59
Let p = 598 + -283. What are the prime factors of p?
3, 5, 7
Let m be (6/(-9))/(6/(-27)). Suppose -4*z + 0*z - 4*f = -140, -12 = -m*f. What are the prime factors of z?
31
Let h = 59 + -1. What are the prime factors of h?
2, 29
Let q(c) = 2*c + 7. Suppose 4*n - 44 = -2*i - 2*i, -3*i + 4*n - 2 = 0. What are the prime factors of q(i)?
19
Let x be (76/(-3))/((-14)/21). Suppose 4*f - 60 = -4*h, 0*f - 3*f + x = -4*h. What are the prime factors of f?
2, 7
Let o(y) = -6*y - 1. Let d be o(-1). What are the prime factors of 17 - ((-12)/4 + d)?
3, 5
Suppose 4*i + 16 = 2*w, -3*i + i - 4 = -3*w. Let s = 5 + i. Suppose -2*z = -s*h - 3*h + 2, -2*z = 3*h - 22. List the prime factors of h.
2
Let k be (81/18)/(2/4). Suppose -i + 2 = 2*c + 24, 70 = -5*c + 5*i. List the prime factors of (c/9)/((-1)/k).
2, 3
Let r = 74 - 9. What are the prime factors of r?
5, 13
Let h = -3 + 5. Let o(d) = d**3 - 2*d**2 + 4*d - 3. What are the prime factors of o(h)?
5
Let z(f) = f**2 + 1. Let l(s) = 2*s**2 + s + 1. Suppose 4*c + 6*q - 16 = 4*q, 11 = c - 3*q. Let i(n) = c*z(n) - 3*l(n). List the prime factors of i(-3).
2
Let l be -91 - 0 - 2 - 1. Let g = -51 - l. Let z = g - 31. List the prime factors of z.
2, 3
Let o(x) = 3*x**2 + 3*x - 4. Let l be o(-3). Suppose h = -h - 5*q - 580, 3*h - 2*q = -908. List the prime factors of h/(-21) - 4/l.
2, 7
Let j(g) = g + 10. Let o be j(-7). Suppose y = o + 3. What are the prime factors of y?
2, 3
Let h = -13 - -4. List the prime factors of 8 - 2/(6/h).
11
Let g be (1 - -1) + 1 - 0. Suppose 0 = 5*o - g*o - 2*s - 34, 2*o - 22 = -2*s. What are the prime factors of o?
2, 7
Suppose -4*v + 50 = o, 4*o - 166 = -0*v + v. What are the prime factors of o?
2, 3, 7
List the prime factors of (-3)/12 - (-442)/8.
5, 11
Suppose 7 = 2*n - 1. Suppose -5*c + 96 = -n*j - 10*c, -3*j + 4*c - 72 = 0. What are the prime factors of -10 + 8 + (1 - j)?
23
Let q = 3 + -4. Let v be -12 + (-1 - q - 0). List the prime factors of 6/4*v/(-3).
2, 3
Let k = 26 + 52. What are the prime factors of k?
2, 3, 13
Suppose 132 = 5*x - 0*m + m, -2*m + 56 = 2*x. List the prime factors of x.
2, 13
Let j = -13 - -35. What are the prime factors of -4 + 5 + j + 1?
2, 3
Let g(c) = c**2 + 6*c + 4. Let l be g(-4). Let p = -2 - l. List the prime factors of 88/10 + p/10.
3
Suppose 80 = 2*o + 3*o. Suppose -2*w = -o - 0. List the prime factors of w.
2
Suppose t = -3*t + 4. Suppose i - t = 9. What are the prime factors of i?
2, 5
Let u(x) = x**2 - 7*x + 9. Let r be u(6). Let b be (r - 3) + 2 + 2. Suppose -2*a = 2*l - l - 12, 3*l - b*a = -14. List the prime factors of l.
2
Let y = 11 + 16. What are the prime factors of y?
3
Let v(w) = -w**3 + 3*w**2 + 5*w - 2. Let x be v(4). Let t be 39 + x*3/(-6). Suppose -5*z + 19 = 2*b, 3*b + 0*b = 2*z + t. List the prime factors of b.
2, 3
Suppose 27 = d + 5*b, -95 = -d - 4*d - 5*b. List the prime factors of d.
17
What are the prime factors of 9/2*(264/9 - -2)?
3, 47
Let d be -4*(25/4)/5. Let q(r) be the third derivative of r**6/120 + r**5/15 - r**4/4 - r**3/3 + 2*r**2. List the prime factors of q(d).
3
Let f be (-1 - -5)*117/52. Suppose 11*p = f*p + 104. What are the prime factors of p?
2, 13
Suppose 0 = -15*z + 13*z + 652. What are the prime factors of z?
2, 163
Let m = 7 - 1. Suppose -m*l - 156 + 384 = 0. List the prime factors of l.
2, 19
Let l(a) = -a**2 - 6*a + 10. Let m be l(-9). Let z = m - -26. List the prime factors of z.
3
Let r(k) = 3*k**2 - k - 1. Let a = 4 + -6. Let j be r(a). Let d = 0 + j. List the prime factors of d.
13
Suppose 3*m - 2*m = 85. List the prime factors of m.
5, 17
Let b(l) be the second derivative of -l**5/20 + 2*l**4/3 + l**3/2 + l**2 + 6*l. List the prime factors of b(8).
2, 13
Let s(b) = b**3 - 5*b**2 - 6*b + 8. Let q be s(6). Suppose -5*h + q = -57. List the prime factors of h + -1 + 2/(-2).
11
Let b = -7 + -2. What are the prime factors of (-2)/2*(b + -2)?
11
Let l = 155 - 88. What are the prime factors of l?
67
Suppose -2*c - b + 137 = 2*b, c - 86 = -5*b. List the prime factors of c.
61
Let r(u) = 2*u**2 + 2*u + 4. Let k be r(3). Let a = k - 11. What are the prime factors of a?
17
Suppose 4*d - 8 = -4*k, 4*d - 6*d = k - 1. List the prime factors of k.
3
Suppose -q = -6*q. Suppose 4*o - 152 - 12 = q. What are the prime factors of o?
41
Suppose 5 = s - 0. Let y(p) = -p**2 + 7*p + 3. List the prime factors of y(s).
13
Suppose -2*q + 167 = g + 4*g, 4*q - 361 = -g. List the prime factors of q.
7, 13
Suppose -l = -b + 3, -3*b + 4*l + 6 = -2*b. Suppose -u = -b, 5*u + 8 = -3*a + 6*a. List the prime factors of a.
2, 3
Suppose 0 = -2*d + d. Suppose 4*v + z - 13 = -d*v, z - 15 = -5*v. What are the prime factors of v?
2
Let f = 6 - 2. Suppose -4*n + 6 + 36 = o, 0 = n + 5*o - 1. List the prime factors of (3 - (f - 2))*n.
11
Suppose 5*i = 2*c - 196 - 2, 4*c + 4*i - 424 = 0. What are the prime factors of c?
2, 13
Let m = 273 - 115. What are the prime factors of m?
2, 79
Let f(v) = -v + 9. Let o be f(6). Let s = o - -16. What are the prime factors of s?
19
Let q(l) = -3*l - 2. Let i be (-95)/20 + 2/(-8). List the prime factors of q(i).
13
Let k = 2 - 12. Let v(t) = t**2 + 7*t + 10. What are the prime factors of v(k)?
2, 5
Let t(q) be the second derivative of q**4/12 + 2*q. Let s be t(-2). Suppose -67 = -5*x - 2*f - 17, -x = -s*f + 12. What are the prime factors of x?
2
Let y(s) = 2*s - 1 + 2*s - 4*s + 4*s. List the prime factors of y(3).
11
Suppose 3*w = -2*w + 10. Suppose -6 = -3*o + w*o. List the prime factors of o.
2, 3
Let w(a) = -a**2 - 4*a + 1. Let g be w(-3). Let o be (2 - g)*6/(-4). Suppose -5*l + 3*t = -0*t - 9, -2*l - o*t = -12. List the prime factors of l.
3
Let y be 1 - 5/((-10)/4). Let k = 1 - y. What are the prime factors of 0 - ((-20)/2 + k)?
2, 3
Suppose -2*f - o + 234 = 0, f + 2*f + 4*o - 346 = 0. What are the prime factors of f?
2, 59
List the prime factors of 2/(-17) + (-104994)/(-306).
7
Suppose -38 = -a - 5*n, 3*a = 5*a - n - 43. Suppose -4*c + 33 + a = 0. List the prime factors of c.
2, 7
Let m(d) = 3*d + 23. List the prime factors of m(-7).
2
Suppose -2*r - 3*r - 299 = -4*v, -3*v - 201 = 3*r. Let w = 106 + r. Suppose w = -4*o + 107. What are the prime factors of o?
2
Suppose 0 = -3*z + 5*z. Suppose t + 5*w = -z*t + 1, 3*t + 2*w - 42 = 0. Suppose -2*m = -t + 6. What are the prime factors of m?
5
Suppose 2*j - 3*j + 33 = 0. Let r = -16 + j. List the prime factors of r.
17
List the prime factors of 32 - 2/((-6)/9).
5, 7
Let w = -44 + 59. What are the prime factors of w?
3, 5
Let o be -6*(3 - (-46)/(-12)). Suppose -c - 3*c + 2*t + 90 = 0, -111 = -o*c + 4*t. What are the prime factors of c?
23
Suppose n + 0 = 4. Suppose 0*a + 120 = n*a. List the prime factors of a.
2, 3, 5
Let f be -7*-4*(-2)/(-28). Let y(x) = -x**3 - 6*x**2 - 6*x - 1. Let a be y(-5). Suppose -5*n + 